*w**2 + w. Let y be m(1). Calculate the highest common divisor of y and 451.
11
Let u = 5025 + 7595. What is the highest common factor of u and 20?
20
Suppose 0 = g - 3*g + 56. Let h = 55 + 149. Suppose -205 = -f + 3*c + 3, f - 2*c = h. Calculate the greatest common factor of f and g.
28
Let s = -1 - -14. Suppose s*h + 25*h = 988. Calculate the greatest common factor of h and 130.
26
Suppose 104*g + 460 = 219*g. What is the highest common factor of g and 256?
4
Let f = 46 + -16. Suppose f*b = 28*b + 12. Calculate the greatest common divisor of 294 and b.
6
Let v be (9/4)/(-3)*-784. Suppose 0 = 3*w + 3*w - v. Suppose 12 = -3*d - 2*f + 67, 5*d = 3*f + w. Calculate the greatest common factor of d and 19.
19
Suppose 2*j - 3*j = -4*n - 380, -5*n + 1457 = 4*j. Let l be 52*(-3)/(-12) + 3. Calculate the highest common divisor of l and j.
16
Let w(f) = f**2 + 17*f + 19. Let v be w(-13). Let u = v - -97. Let x be -2*1/(-5)*240. Calculate the greatest common divisor of u and x.
32
Suppose -124*u + 27736 = -13184. Calculate the highest common factor of 390 and u.
30
Let l be 1 + 2 + -3 + 95. Let r be (88/6)/(8/60). Suppose 5*p = -3*d + r, 4*p - 5*d = 37 + 14. What is the highest common divisor of p and l?
19
Let t = 227 - 222. Suppose 422 = -t*z + 7*z - s, -4*z + 856 = -5*s. Calculate the highest common divisor of 38 and z.
19
Let n = 452 + -453. Let v be (-14)/10 - n - 23392/(-430). What is the highest common factor of v and 513?
27
Suppose o + 4*s = -28, 0 = -85*s + 88*s + 12. Let f(b) = 3*b - b + 22 + 7. Let j be f(o). What is the greatest common divisor of j and 5?
5
Let m(z) = 3*z + 25. Let a be m(0). Suppose t = -3*i + a, 5*t + 2 - 1 = -i. What is the highest common divisor of i and 3?
3
Let y(p) = -2*p**2 + 44*p - 14. Let c be y(12). Calculate the highest common divisor of 1582 and c.
226
Let t = -5007 - -5063. What is the greatest common divisor of t and 3032?
8
Let s(i) = 6*i + 53. Let h be s(-8). Suppose h*p = 0, r = -2*p + 3*p + 4. Calculate the greatest common factor of 38 and r.
2
Let m(n) = 8*n**2 + 393*n - 35. Let t be m(-50). Calculate the highest common divisor of t and 49.
7
Suppose -89*l = -2*l - 21924. Calculate the greatest common divisor of 1701 and l.
63
Let i = -221 - -342. What is the highest common divisor of i and 341?
11
Suppose 0 = 27*n + 78*n - 11340. What is the greatest common factor of n and 720?
36
Suppose -4*d + 2*m - 1846 = -4, -2*d = 3*m + 925. Let p = d - -505. Calculate the highest common divisor of 341 and p.
11
Let f = 97354 - 52044. Calculate the greatest common divisor of f and 46.
46
Let o be -1*119*(-6)/(-6)*-1. Let z = 176 - o. What is the highest common divisor of z and 6?
3
Let p(u) = u**2 - 2*u - 3. Let s be p(3). Suppose -8*z + 13356 = 4*z. Suppose 15*h - z - 42 = s. What is the highest common divisor of h and 11?
11
Suppose 287 = p + j, -p + 5*j + 333 - 52 = 0. What is the highest common factor of p and 390?
26
Suppose b = 8 + 1. Let h be (-42)/(-4)*b*(-4)/7. Let w = -42 - h. What is the greatest common divisor of w and 36?
12
Let g(p) = p**3 - 7*p**2 - 5*p + 11. Let r be g(8). Let t be (-105)/(-75) + (-215)/(-25). What is the greatest common divisor of r and t?
5
Let l be 324 + -1 + 0 + 7. Suppose -b - 5*b = -l. What is the greatest common factor of b and 44?
11
Let w(r) = 5*r + 47. Let i be w(8). Let c = 114 - i. Suppose 2*d = p - 17, -3*p + 76 = -0*d - d. What is the greatest common factor of p and c?
27
Let n(q) = 13*q**3 + 16*q**2 - 72*q + 220. Let z be n(7). Calculate the highest common divisor of 76 and z.
19
Suppose 430*b = 444*b - 1065 - 993. What is the greatest common factor of b and 3?
3
Let c(z) = 93*z - 161. Let t be c(2). What is the highest common factor of t and 4825?
25
Let j(w) = -w**3 - 2*w**2 - w - 16. Let f be j(0). Let z = -29 - f. Let p = z + 31. Calculate the greatest common divisor of 2 and p.
2
Suppose 0 = c + 3*c - 288. Suppose 27*s - 1808 = -s - 184. Let k = c - s. What is the highest common divisor of k and 112?
14
Let x be (270/65 + 2/(-13))*-44. Let g be (-1)/((-6)/(-8))*5544/x. What is the greatest common factor of 42 and g?
42
Suppose 3274*d - 3245*d = 6670. What is the highest common divisor of d and 2576?
46
Let h be 6*(-1 + 5 + 143/(-33)). Let c be -552*(3/2 + h). What is the greatest common divisor of 6 and c?
6
Let r(x) = x**2 + 13*x + 6. Let p(d) = -d - 34. Let q be p(-19). Let l be r(q). Calculate the greatest common divisor of l and 27.
9
Let m = 114 - -163. Suppose -271*z + m*z - 126 = 0. What is the highest common divisor of 3 and z?
3
Let w be -413*(-2 + (-24)/(-28)). Calculate the greatest common divisor of w and 4012.
236
Let n = 121 + -73. Suppose 17*i = 15*i + 70. Suppose 12*w + i - 419 = 0. Calculate the highest common factor of n and w.
16
Let o(v) = -v**3 + 2*v**2 - 5*v + 12. Let x = -19 - 60. Let j = -77 - x. Let a be o(j). What is the greatest common factor of 7 and a?
1
Let m = -26433 + 26453. What is the highest common factor of m and 178?
2
Suppose -303*v - 72*v + 20818 + 3182 = 0. Calculate the greatest common divisor of 2 and v.
2
Let f(n) = -14*n. Let g be f(-4). Let o(z) = -z**3 - 27*z**2 - 13*z + 101. Let q be o(-26). Let p = q + 245. What is the greatest common divisor of g and p?
8
Let f be (2906/(-11))/(-1) - (-118)/(-649). Suppose f - 57 = 3*g. What is the greatest common divisor of 1173 and g?
69
Suppose -2*w = -q - 33, 2*q + 84 = 5*w - 2*q. Let b(z) = -z**2 + z**2 + 18*z + 347 - z**2 - 357. Let h be b(w). What is the greatest common divisor of h and 11?
11
Suppose 0 = 147*a + 1101 - 21681. Calculate the highest common divisor of 805 and a.
35
Let q be 89 + ((-28)/(2128/(-95)))/(2/(-8)). Let a = 86 + 10. What is the greatest common factor of q and a?
12
Let y be -6*(2 + 6 - (-83)/(-6)). Calculate the highest common factor of 581 and y.
7
Let y = 2033 - 898. Let l = -830 + y. What is the greatest common divisor of 244 and l?
61
Suppose 51*w = 53*w - 260. Suppose 410 = 10*h + w. Calculate the highest common divisor of h and 182.
14
Let p(j) = -j**3 - 8*j**2 + 6*j - 22. Let y be p(-9). Suppose y*c - 131 = -91. Suppose -2*x = -15 - 25. Calculate the highest common factor of x and c.
4
Let j(d) = 2*d + 14. Let x be j(-5). Suppose -5*k = -2*h + 35, 0 = -2*k - 0*k - 6. Let r = -4 + h. What is the greatest common factor of x and r?
2
Suppose -2*f - 4*v = -8, -3*v + 10 = 3*f + 2*v. Suppose l = 3*b - 103 + 22, f = -l. Let t = 165 + -147. What is the highest common factor of t and b?
9
Suppose 5*m - 205 - 155 = 0. Suppose r + f = 203 + 109, 5*f - 30 = 0. Calculate the greatest common factor of m and r.
18
Let b = 4333 - -68. What is the highest common factor of 54 and b?
27
Let c(x) = 2*x**3 - 29*x**2 + 83*x - 679. Let f be c(22). Calculate the highest common divisor of f and 7.
7
Let s be (-18)/(144/16)*3/(-3)*44. Calculate the greatest common factor of s and 649.
11
Let q(u) = -2*u**2 - u. Let b be q(1). Let z be ((-8)/b)/(1/3). Let f = -127 + 128. What is the greatest common factor of z and f?
1
Let c(h) be the third derivative of h**4/12 - h**3/2 - 5*h**2 - 2. Let j = -18 + 27. Let u be c(j). Calculate the greatest common factor of 30 and u.
15
Suppose 8 + 562 = 3*j. Suppose 0 = -5*c - j + 1345. Let r = c + -126. Calculate the highest common factor of 15 and r.
15
Let v(m) = 15*m + 131. Let i be v(-7). Suppose -i*f + 1750 + 434 = 0. Calculate the greatest common divisor of f and 56.
28
Suppose -6*o + 2*o = -180. Let m be ((-280)/(-196))/(8/28*(-2)/(-2)). Calculate the highest common factor of o and m.
5
Let v = -42 + 45. Let m(d) = -v*d**3 + 2 - 2 - 4*d + 3 + d. Let z be m(-2). What is the highest common factor of 55 and z?
11
Let k(t) = -t - 20. Let o(v) = -v**2 - 24*v - 121. Let y be o(-19). Let h be k(y). Calculate the highest common factor of h and 750.
6
Let g = 2008 - 1180. Calculate the greatest common divisor of g and 72.
36
Suppose -2*g - 3*z = 86, -3*g + 5*z = -7*g - 170. Let n(a) = -a**3 - 41*a**2 - 43*a - 72. Let w be n(g). Calculate the highest common factor of w and 42.
6
Let q be 8 + -5 - 2/(-2). Suppose 0 = 5*x + 3*t - 534, -4*x + 7*t + 434 = 6*t. Calculate the greatest common divisor of q and x.
4
Suppose 312 = 13*b - 17*b. Let x = b - -210. Calculate the greatest common factor of 176 and x.
44
Let l be (-12)/(-66)*11 + (-7)